{"id":2502,"date":"2023-03-29T20:46:43","date_gmt":"2023-03-29T20:46:43","guid":{"rendered":"https:\/\/ingenieria-datos.es\/?page_id=2502"},"modified":"2023-03-29T20:46:44","modified_gmt":"2023-03-29T20:46:44","slug":"mineria-de-datos","status":"publish","type":"page","link":"https:\/\/ingenieria-datos.es\/?page_id=2502","title":{"rendered":"Miner\u00eda de datos"},"content":{"rendered":"\n<div class=\"wp-block-uagb-container uagb-block-306ee29f alignfull uagb-is-root-container\"><div class=\"uagb-container-inner-blocks-wrap\">\n<div class=\"wp-block-uagb-info-box uagb-block-6b6b96bd uagb-infobox__content-wrap  uagb-infobox-icon-above-title uagb-infobox-image-valign-top\"><div class=\"uagb-ifb-content\"><div class=\"uagb-ifb-title-wrap\"><span class=\"uagb-ifb-title-prefix\">Miner\u00eda de datos<\/span><h4 class=\"uagb-ifb-title\">Toma las decisiones anticip\u00e1ndote  a las oportunidades y a los peligros<\/h4><\/div><\/div><\/div>\n<\/div><\/div>\n\n\n\n<div class=\"wp-block-uagb-container uagb-block-40c0a08e alignfull uagb-is-root-container\"><div class=\"uagb-container-inner-blocks-wrap\">\n<p>La miner\u00eda de datos es una t\u00e9cnica utilizada por las empresas para analizar grandes conjuntos de datos con el objetivo de identificar patrones, tendencias y relaciones que de otra manera podr\u00edan pasar desapercibidos. Consiste en explorar los datos y extraer informaci\u00f3n valiosa a trav\u00e9s de algoritmos y modelos estad\u00edsticos.<br>La miner\u00eda de datos es una herramienta esencial para las empresas que buscan tomar decisiones informadas y basadas en datos. Algunos de los beneficios de la miner\u00eda de datos en una empresa son los siguientes:<\/p>\n\n\n\n<p>Ejemplo: Una empresa de marketing quiere analizar los datos de sus campa\u00f1as publicitarias en las redes sociales para identificar las mejores pr\u00e1cticas y mejorar el retorno de inversi\u00f3n. Utilizando la miner\u00eda de datos, la empresa puede identificar los tipos de contenido y los horarios de publicaci\u00f3n que generan m\u00e1s interacciones y conversiones. Esto permite a la empresa ajustar su estrategia y mejorar el rendimiento de sus campa\u00f1as.<br>En resumen, la miner\u00eda de datos es una t\u00e9cnica valiosa que permite a las empresas analizar grandes conjuntos de datos y extraer informaci\u00f3n valiosa. Al utilizar esta t\u00e9cnica, las empresas pueden identificar oportunidades y problemas, reducir costos, aumentar la eficiencia, identificar clientes potenciales y identificar fraudes y riesgos. La miner\u00eda de datos puede ser utilizada en diferentes \u00e1reas de la empresa, desde marketing y ventas hasta finanzas y seguridad de la informaci\u00f3n. Es una herramienta esencial para las empresas que buscan tomar decisiones informadas y basadas en datos.<\/p>\n<\/div><\/div>\n\n\n\n<div class=\"wp-block-columns is-layout-flex wp-container-core-columns-is-layout-2 wp-block-columns-is-layout-flex\">\n<div class=\"wp-block-column is-layout-flow wp-block-column-is-layout-flow\" style=\"flex-basis:100%\">\n<div class=\"wp-block-uagb-container uagb-block-8e07e0d8 alignfull uagb-is-root-container\"><div class=\"uagb-container-inner-blocks-wrap\">\n<div class=\"wp-block-columns is-layout-flex wp-container-core-columns-is-layout-1 wp-block-columns-is-layout-flex\">\n<div class=\"wp-block-column is-layout-flow wp-block-column-is-layout-flow\">\n<figure class=\"wp-block-image size-full\"><img loading=\"lazy\" decoding=\"async\" width=\"625\" height=\"625\" src=\"http:\/\/ingenieria-datos.es\/wp-content\/uploads\/2020\/06\/portfolio3.jpg\" alt=\"\" class=\"wp-image-1240\" srcset=\"https:\/\/ingenieria-datos.es\/wp-content\/uploads\/2020\/06\/portfolio3.jpg 625w, https:\/\/ingenieria-datos.es\/wp-content\/uploads\/2020\/06\/portfolio3-300x300.jpg 300w, https:\/\/ingenieria-datos.es\/wp-content\/uploads\/2020\/06\/portfolio3-150x150.jpg 150w\" sizes=\"(max-width: 625px) 100vw, 625px\" \/><\/figure>\n<\/div>\n\n\n\n<div class=\"wp-block-column is-layout-flow wp-block-column-is-layout-flow\">\n<h3 class=\"has-text-align-center wp-block-heading\">Identificar oportunidades y problemas<\/h3>\n\n\n\n<p>La miner\u00eda de datos permite a las empresas identificar oportunidades y problemas en un vistazo. Los patrones y tendencias que se identifican en los datos pueden ayudar a las empresas a tomar decisiones informadas y a ajustar su estrategia.<\/p>\n<\/div>\n<\/div>\n<\/div><\/div>\n<\/div>\n<\/div>\n\n\n\n<div class=\"wp-block-columns is-layout-flex wp-container-core-columns-is-layout-6 wp-block-columns-is-layout-flex\">\n<div class=\"wp-block-column is-layout-flow wp-block-column-is-layout-flow\" style=\"flex-basis:100%\">\n<div class=\"wp-block-uagb-container uagb-block-3d6e9ba2 alignfull uagb-is-root-container\"><div class=\"uagb-container-inner-blocks-wrap\">\n<div class=\"wp-block-columns is-layout-flex wp-container-core-columns-is-layout-3 wp-block-columns-is-layout-flex\">\n<div class=\"wp-block-column is-layout-flow wp-block-column-is-layout-flow\">\n<h3 class=\"has-text-align-center wp-block-heading\">Reducir costos<\/h3>\n\n\n\n<p>La miner\u00eda de datos puede ayudar a las empresas a reducir costos identificando \u00e1reas donde se pueden realizar mejoras o donde se pueden reducir costos innecesarios.<\/p>\n<\/div>\n\n\n\n<div class=\"wp-block-column is-layout-flow wp-block-column-is-layout-flow\">\n<div class=\"wp-block-uagb-image uagb-block-41933800 wp-block-uagb-image--layout-default wp-block-uagb-image--effect-static wp-block-uagb-image--align-none\"><figure class=\"wp-block-uagb-image__figure\"><img decoding=\"async\" srcset=\"https:\/\/ingenieria-datos.es\/wp-content\/uploads\/2020\/06\/portfolio4-1.jpg \" src=\"https:\/\/ingenieria-datos.es\/wp-content\/uploads\/2020\/06\/portfolio4-1.jpg\" alt=\"\" class=\"uag-image-1248\" width=\"625\" height=\"625\" title=\"\" loading=\"lazy\"\/><\/figure><\/div>\n<\/div>\n<\/div>\n<\/div><\/div>\n\n\n\n<div class=\"wp-block-columns is-layout-flex wp-container-core-columns-is-layout-5 wp-block-columns-is-layout-flex\">\n<div class=\"wp-block-column is-layout-flow wp-block-column-is-layout-flow\" style=\"flex-basis:100%\">\n<div class=\"wp-block-uagb-container uagb-block-9188ef62 alignfull uagb-is-root-container\"><div class=\"uagb-container-inner-blocks-wrap\">\n<div class=\"wp-block-columns is-layout-flex wp-container-core-columns-is-layout-4 wp-block-columns-is-layout-flex\">\n<div class=\"wp-block-column is-layout-flow wp-block-column-is-layout-flow\">\n<figure class=\"wp-block-image size-full\"><img loading=\"lazy\" decoding=\"async\" width=\"625\" height=\"625\" src=\"http:\/\/ingenieria-datos.es\/wp-content\/uploads\/2020\/06\/portfolio3.jpg\" alt=\"\" class=\"wp-image-1240\" srcset=\"https:\/\/ingenieria-datos.es\/wp-content\/uploads\/2020\/06\/portfolio3.jpg 625w, https:\/\/ingenieria-datos.es\/wp-content\/uploads\/2020\/06\/portfolio3-300x300.jpg 300w, https:\/\/ingenieria-datos.es\/wp-content\/uploads\/2020\/06\/portfolio3-150x150.jpg 150w\" sizes=\"(max-width: 625px) 100vw, 625px\" \/><\/figure>\n<\/div>\n\n\n\n<div class=\"wp-block-column is-layout-flow wp-block-column-is-layout-flow\">\n<h3 class=\"has-text-align-center wp-block-heading\">Aumentar la eficiencia<\/h3>\n\n\n\n<p>La miner\u00eda de datos puede ayudar a las empresas a aumentar su eficiencia identificando \u00e1reas donde se pueden automatizar procesos o donde se pueden realizar mejoras.<\/p>\n<\/div>\n<\/div>\n<\/div><\/div>\n<\/div>\n<\/div>\n<\/div>\n<\/div>\n\n\n\n<div class=\"wp-block-columns is-layout-flex wp-container-core-columns-is-layout-10 wp-block-columns-is-layout-flex\">\n<div class=\"wp-block-column is-layout-flow wp-block-column-is-layout-flow\" style=\"flex-basis:100%\">\n<div class=\"wp-block-uagb-container uagb-block-d4de1606 alignfull uagb-is-root-container\"><div class=\"uagb-container-inner-blocks-wrap\">\n<div class=\"wp-block-columns is-layout-flex wp-container-core-columns-is-layout-7 wp-block-columns-is-layout-flex\">\n<div class=\"wp-block-column is-layout-flow wp-block-column-is-layout-flow\">\n<h3 class=\"has-text-align-center wp-block-heading\">Identificar clientes potenciales<\/h3>\n\n\n\n<p>La miner\u00eda de datos puede ayudar a las empresas a identificar clientes potenciales y a personalizar la experiencia del cliente a trav\u00e9s de la segmentaci\u00f3n de clientes y la identificaci\u00f3n de patrones de comportamiento.<\/p>\n<\/div>\n\n\n\n<div class=\"wp-block-column is-layout-flow wp-block-column-is-layout-flow\">\n<div class=\"wp-block-uagb-image uagb-block-cb781836 wp-block-uagb-image--layout-default wp-block-uagb-image--effect-static wp-block-uagb-image--align-none\"><figure class=\"wp-block-uagb-image__figure\"><img decoding=\"async\" srcset=\"https:\/\/ingenieria-datos.es\/wp-content\/uploads\/2020\/06\/portfolio4-1.jpg \" src=\"https:\/\/ingenieria-datos.es\/wp-content\/uploads\/2020\/06\/portfolio4-1.jpg\" alt=\"\" class=\"uag-image-1248\" width=\"625\" height=\"625\" title=\"\" loading=\"lazy\"\/><\/figure><\/div>\n<\/div>\n<\/div>\n<\/div><\/div>\n\n\n\n<div class=\"wp-block-columns is-layout-flex wp-container-core-columns-is-layout-9 wp-block-columns-is-layout-flex\">\n<div class=\"wp-block-column is-layout-flow wp-block-column-is-layout-flow\" style=\"flex-basis:100%\">\n<div class=\"wp-block-uagb-container uagb-block-eb9c55ae alignfull uagb-is-root-container\"><div class=\"uagb-container-inner-blocks-wrap\">\n<div class=\"wp-block-columns is-layout-flex wp-container-core-columns-is-layout-8 wp-block-columns-is-layout-flex\">\n<div class=\"wp-block-column is-layout-flow wp-block-column-is-layout-flow\">\n<figure class=\"wp-block-image size-full\"><img loading=\"lazy\" decoding=\"async\" width=\"625\" height=\"625\" src=\"http:\/\/ingenieria-datos.es\/wp-content\/uploads\/2020\/06\/portfolio3.jpg\" alt=\"\" class=\"wp-image-1240\" srcset=\"https:\/\/ingenieria-datos.es\/wp-content\/uploads\/2020\/06\/portfolio3.jpg 625w, https:\/\/ingenieria-datos.es\/wp-content\/uploads\/2020\/06\/portfolio3-300x300.jpg 300w, https:\/\/ingenieria-datos.es\/wp-content\/uploads\/2020\/06\/portfolio3-150x150.jpg 150w\" sizes=\"(max-width: 625px) 100vw, 625px\" \/><\/figure>\n<\/div>\n\n\n\n<div class=\"wp-block-column is-layout-flow wp-block-column-is-layout-flow\">\n<h3 class=\"has-text-align-center wp-block-heading\"> Identificar fraudes y riesgos<\/h3>\n\n\n\n<p>La miner\u00eda de datos puede ayudar a las empresas a identificar fraudes y riesgos, ya sea en las transacciones financieras o en la seguridad de los datos.<\/p>\n<\/div>\n<\/div>\n<\/div><\/div>\n<\/div>\n<\/div>\n<\/div>\n<\/div>\n","protected":false},"excerpt":{"rendered":"","protected":false},"author":1,"featured_media":0,"parent":0,"menu_order":0,"comment_status":"closed","ping_status":"closed","template":"","meta":{"_uag_custom_page_level_css":"","site-sidebar-layout":"no-sidebar","site-content-layout":"page-builder","ast-global-header-display":"","ast-main-header-display":"","ast-hfb-above-header-display":"","ast-hfb-below-header-display":"","ast-hfb-mobile-header-display":"","site-post-title":"disabled","ast-breadcrumbs-content":"","ast-featured-img":"disabled","footer-sml-layout":"","theme-transparent-header-meta":"enabled","adv-header-id-meta":"","stick-header-meta":"","header-above-stick-meta":"","header-main-stick-meta":"","header-below-stick-meta":"","footnotes":""},"class_list":["post-2502","page","type-page","status-publish","hentry"],"uagb_featured_image_src":{"full":false,"thumbnail":false,"medium":false,"medium_large":false,"large":false,"1536x1536":false,"2048x2048":false},"uagb_author_info":{"display_name":"moni.pendiente@gmail.com","author_link":"https:\/\/ingenieria-datos.es\/?author=1"},"uagb_comment_info":0,"uagb_excerpt":null,"_links":{"self":[{"href":"https:\/\/ingenieria-datos.es\/index.php?rest_route=\/wp\/v2\/pages\/2502"}],"collection":[{"href":"https:\/\/ingenieria-datos.es\/index.php?rest_route=\/wp\/v2\/pages"}],"about":[{"href":"https:\/\/ingenieria-datos.es\/index.php?rest_route=\/wp\/v2\/types\/page"}],"author":[{"embeddable":true,"href":"https:\/\/ingenieria-datos.es\/index.php?rest_route=\/wp\/v2\/users\/1"}],"replies":[{"embeddable":true,"href":"https:\/\/ingenieria-datos.es\/index.php?rest_route=%2Fwp%2Fv2%2Fcomments&post=2502"}],"version-history":[{"count":1,"href":"https:\/\/ingenieria-datos.es\/index.php?rest_route=\/wp\/v2\/pages\/2502\/revisions"}],"predecessor-version":[{"id":2504,"href":"https:\/\/ingenieria-datos.es\/index.php?rest_route=\/wp\/v2\/pages\/2502\/revisions\/2504"}],"wp:attachment":[{"href":"https:\/\/ingenieria-datos.es\/index.php?rest_route=%2Fwp%2Fv2%2Fmedia&parent=2502"}],"curies":[{"name":"wp","href":"https:\/\/api.w.org\/{rel}","templated":true}]}}